emainder when 2173580 is divided by 2007.
2006
What is the remainder when 2336086 is divided by 75?
61
What is the remainder when 128342 is divided by 5344?
86
Calculate the remainder when 562699 is divided by 100.
99
Calculate the remainder when 29772962 is divided by 2901.
2900
Calculate the remainder when 51661958 is divided by 614.
612
What is the remainder when 139193110 is divided by 29934?
10
What is the remainder when 4316046 is divided by 2158018?
10
What is the remainder when 492373 is divided by 25914?
7
Calculate the remainder when 88094 is divided by 2142.
272
What is the remainder when 20968391 is divided by 496?
487
Calculate the remainder when 1553036 is divided by 7883.
85
What is the remainder when 2413546 is divided by 482695?
71
What is the remainder when 24262026 is divided by 4043642?
174
Calculate the remainder when 1597617 is divided by 11018.
7
Calculate the remainder when 13609465 is divided by 26.
25
Calculate the remainder when 8086524 is divided by 1010805.
84
What is the remainder when 2653762 is divided by 12945?
37
Calculate the remainder when 8189 is divided by 8043.
146
Calculate the remainder when 180740 is divided by 745.
450
What is the remainder when 943181 is divided by 1176?
29
What is the remainder when 53604 is divided by 4785?
969
What is the remainder when 17903444 is divided by 303?
83
Calculate the remainder when 261588 is divided by 37368.
12
What is the remainder when 759431 is divided by 759401?
30
Calculate the remainder when 1256251 is divided by 158.
151
What is the remainder when 11242 is divided by 10531?
711
Calculate the remainder when 4029792 is divided by 60145.
77
What is the remainder when 64537 is divided by 5863?
44
Calculate the remainder when 1440917 is divided by 130988.
49
What is the remainder when 18890220 is divided by 8249?
10
What is the remainder when 104340697 is divided by 251?
248
Calculate the remainder when 760665 is divided by 1227.
1152
Calculate the remainder when 389044120 is divided by 202.
200
What is the remainder when 44014723 is divided by 83?
72
Calculate the remainder when 12430 is divided by 1101.
319
What is the remainder when 15610738 is divided by 540?
418
What is the remainder when 23424066 is divided by 70?
36
Calculate the remainder when 73072624 is divided by 2761.
2759
What is the remainder when 61873 is divided by 1652?
749
What is the remainder when 32951 is divided by 1432?
15
What is the remainder when 110657 is divided by 27602?
249
What is the remainder when 221618 is divided by 221479?
139
Calculate the remainder when 1856411 is divided by 8634.
101
Calculate the remainder when 4924257 is divided by 16578.
591
Calculate the remainder when 21885114 is divided by 1088.
1082
Calculate the remainder when 3769 is divided by 1426.
917
Calculate the remainder when 503563 is divided by 50353.
33
What is the remainder when 317813147 is divided by 16?
11
Calculate the remainder when 320388 is divided by 3722.
296
What is the remainder when 3653012 is divided by 365300?
12
What is the remainder when 8962267 is divided by 1886?
1881
What is the remainder when 183337445 is divided by 29?
25
Calculate the remainder when 24895805 is divided by 244.
241
What is the remainder when 6009 is divided by 5466?
543
Calculate the remainder when 1047423 is divided by 911.
684
What is the remainder when 2189099 is divided by 415?
389
Calculate the remainder when 77464194 is divided by 71.
70
Calculate the remainder when 1459651 is divided by 24.
19
Calculate the remainder when 5752 is divided by 2868.
16
What is the remainder when 300602 is divided by 3955?
22
What is the remainder when 29259 is divided by 1221?
1176
Calculate the remainder when 557909 is divided by 328.
309
Calculate the remainder when 1415730 is divided by 9630.
120
What is the remainder when 4950398 is divided by 62?
8
Calculate the remainder when 7976918 is divided by 346822.
12
Calculate the remainder when 2326 is divided by 34.
14
Calculate the remainder when 2010796 is divided by 107.
52
What is the remainder when 163117 is divided by 161330?
1787
Calculate the remainder when 626051 is divided by 1361.
1352
Calculate the remainder when 6122768 is divided by 437334.
92
What is the remainder when 713884 is divided by 1673?
1186
Calculate the remainder when 1816285 is divided by 90813.
25
What is the remainder when 11968297 is divided by 50?
47
Calculate the remainder when 28534185 is divided by 151.
17
What is the remainder when 292234717 is divided by 470?
467
What is the remainder when 3250316 is divided by 46432?
76
Calculate the remainder when 377591 is divided by 60.
11
What is the remainder when 603757 is divided by 709?
398
Calculate the remainder when 6837231 is divided by 5884.
23
Calculate the remainder when 1114468 is divided by 11856.
4
Calculate the remainder when 20316758 is divided by 1435.
28
Calculate the remainder when 66533027 is divided by 1304569.
8
What is the remainder when 56570 is divided by 11221?
465
Calculate the remainder when 941982409 is divided by 2212.
2209
Calculate the remainder when 3281 is divided by 3252.
29
Calculate the remainder when 169686861 is divided by 345.
336
Calculate the remainder when 2119280 is divided by 894.
500
Calculate the remainder when 20997589 is divided by 160.
149
Calculate the remainder when 2669952 is divided by 795.
342
Calculate the remainder when 13893698 is divided by 1599.
1586
What is the remainder when 1590610 is divided by 1226?
488
Calculate the remainder when 260542238 is divided by 8934.
8930
What is the remainder when 2339865 is divided by 212712?
33
Calculate the remainder when 1184607 is divided by 308.
39
What is the remainder when 34456054 is divided by 13?
9
What is the remainder when 6846803 is divided by 462?
425
What is the remainder when 193608 is divided by 9676?
88
What is the remainder when 537226 is divided by 573?
325
What is the remainder when 11688559 is divided by 4830?
4789
Calculate the remainder when 36801321 is divided by 9116.
29
What is the remainder when 61962 is divided by 451?
175
What is the remainder when 27939 is divided by 26377?
1562
Calculate the remainder when 224008 is divided by 1531.
482
What is the remainder when 437670 is divided by 62384?
982
What is the remainder when 407394 is divided by 880?
834
Calculate the remainder when 829245 is divided by 10.
5
Calculate the remainder when 219047 is divided by 217320.
1727
What is the remainder when 903355 is divided by 451643?
69
Calculate the remainder when 37617245 is divided by 125.
120
What is the remainder when 11505370 is divided by 74?
72
What is the remainder when 231636 is divided by 5793?
5709
Calculate the remainder when 5983488 is divided by 332416.
0
Calculate the remainder when 3405813 is divided by 295.
38
Calculate the remainder when 256779 is divided by 1917.
1818
Calculate the remainder when 3606752 is divided by 1003.
967
What is the remainder when 4085659 is divided by 8338?
39
What is the remainder when 2846908 is divided by 778?
206
What is the remainder when 145967 is divided by 184?
55
Calculate the remainder when 17130222 is divided by 120.
102
Calculate the remainder when 5993815 is divided by 35676.
247
What is the remainder when 390558 is divided by 1634?
32
What is the remainder when 561572 is divided by 117?
89
Calculate the remainder when 3500766 is divided by 700153.
1
Calculate the remainder when 6377290 is divided by 82.
68
Calculate the remainder when 45806228 is divided by 6.
2
Calculate the remainder when 1775953 is divided by 1698.
1543
Calculate the remainder when 8302566 is divided by 5329.
5313
What is the remainder when 74992 is divided by 216?
40
Calculate the remainder when 2287174 is divided by 14.
8
What is the remainder when 35266972 is divided by 2578?
2510
What is the remainder when 826376 is divided by 97?
33
Calculate the remainder when 936334 is divided by 426.
412
Calculate the remainder when 77532 is divided by 524.
504
Calculate the remainder when 643599 is divided by 214525.
24
What is the remainder when 1067734 is divided by 152526?
52
Calculate the remainder when 911782 is divided by 16812.
3934
Calculate the remainder when 264020022 is divided by 37.
10
Calculate the remainder